composite?
True
Let s be 1/(-4 + (-923)/(-231)). Let w = s + -1281. Let x = w + 2299. Is x composite?
False
Let b be (2389/4)/(20/80). Suppose b = 3*r - 5816. Is r a composite number?
True
Let r be ((-149524)/16)/(7/(-84)). Suppose 3*z = 5*c + 82823, -25854 = -5*z - 2*c + r. Is z a prime number?
False
Let d(n) = -n**3 - 114*n**2 + 21*n - 287. Is d(-124) composite?
False
Let l = 41 + 73. Let b = 117 - l. Is 1759/6 - b/18 prime?
True
Let x(w) = -70*w**2 - 22*w - 75. Let s(i) = -71*i**2 - 22*i - 78. Let o(q) = 4*s(q) - 5*x(q). Is o(-8) prime?
True
Let o = 8331 + -3383. Suppose 0 = 3*d - 25285 + o. Is d a composite number?
False
Let k = -47214 - -115093. Is k a composite number?
True
Let u = 220989 + -106550. Is u a composite number?
True
Let y be (35/(-20) - 0)/(4/16). Let f = 120 - y. Is f a prime number?
True
Let z = -17734 - -26646. Suppose 0*m - x = 4*m - 35615, m - z = -3*x. Is m composite?
True
Let q(y) be the second derivative of -y**5/20 - y**4/6 + 41*y**3/3 - 21*y**2 - 44*y - 2. Is q(-17) a prime number?
False
Is ((-10)/(-65)*13)/((-10)/(-4985)) composite?
False
Suppose -2*j + 5*j - 2*k - 150 = 0, 5*j - 2*k - 254 = 0. Let s = 64 - j. Is ((-4)/6)/(s/(-1476)) composite?
True
Let w = 485 - 472. Let q = 32 + -11. Is (182/q)/w + (-6038)/(-6) a prime number?
False
Let p = 413 + -427. Is (-244601)/p + (-6)/4*-1 prime?
False
Suppose 0 = -4*s - s. Suppose 3*l = -s*l - 516. Let y = l - -477. Is y a prime number?
False
Let v(w) = -w**2 + 7*w. Suppose 4 = -2*r, 3*r = -u + 2*r + 5. Let t be v(u). Suppose -3*g - 2*h + 758 = t, -4*g + 1611 = 3*h + 601. Is g a composite number?
True
Suppose -50*i = 4*d - 48*i - 4257202, i - 3192898 = -3*d. Is d prime?
False
Suppose -5*m = -d + 2589, 6 = 14*m - 11*m. Suppose -5*i + 571 = 3*o - d, -5*i + 3140 = -3*o. Is i composite?
False
Let l(a) = -a + 4936 + 54*a**2 + 37*a**2 - 4937. Suppose 1 = -d + 4. Is l(d) prime?
False
Let y be -3 - (8 - 6)/((-4)/5130). Let i = y + -1163. Is i a composite number?
False
Let i(n) = n**3 - 5*n**2 - 3*n - 13. Let w be i(6). Suppose 14 = w*y + 2*y. Suppose -3*z + 755 = y*x, -1521 = -4*x + 4*z + z. Is x a composite number?
False
Let r(l) = -l**3 + l**2. Let k(y) = 4*y**3 + y**2 - 12*y + 17. Let m(b) = -k(b) - r(b). Is m(-12) a prime number?
False
Suppose -20764 = -5*y - 2*s, y + 1256 = -5*s + 5418. Let x = y - -757. Is x prime?
True
Let f be ((-9)/(216/40))/(10/(-18)). Suppose f*q = -5*g + 4*g + 41580, q - 13856 = g. Is q a prime number?
True
Let o(w) = -w**2 - 637*w**3 + w - 114*w**3 + 15 + 22 + 91*w**3. Is o(-4) composite?
False
Suppose 2*j = -3*j - 2340. Let z = -1556 - -761. Let v = j - z. Is v a prime number?
False
Let v be ((-45)/25)/(3/60*-6). Suppose -36 = v*c - 15*c. Is 2 - c - -6 - -163 composite?
False
Is 18699672/15 + (-366)/(-1830) prime?
False
Suppose -10*w - 14*w = -130296. Suppose 0*g + z + 5441 = 4*g, 5*z = 4*g - w. Is g composite?
False
Let c(l) = -l**3 + 7*l**2 + 10*l - 20. Let w be c(8). Let t = 7 + w. Suppose 648 = t*j - 5*r, -2*r = -2*j + 3*r + 437. Is j prime?
True
Let a be (78/5)/((-33)/(-15620)). Suppose 5*f - 3477 = g + 5734, 4*f + 3*g = a. Is f a composite number?
True
Is (-56)/(-364) + 3290062/26 composite?
False
Let v(g) = -767*g**3 - 3*g**2 + 4*g - 5. Is v(-4) prime?
True
Suppose -2*y + n - 2 = -6, 2*y - 5*n = 20. Suppose y = -3*m + 7*m + 40. Let f(c) = -79*c + 4. Is f(m) a composite number?
True
Suppose -3*c - 663 = 3*m, 3*c + 656 = -4*m - 226. Let h be 58/7 - (-2)/(-7). Is (m/(-2))/(4/h) prime?
False
Let c(z) = -z**2 - 12*z - 14. Let l be c(-11). Suppose -108*i + 110*i + 2 = -2*p, -p - 6 = -4*i. Is (i + -2)/(l/16989) prime?
False
Is -44823*(-5)/(-15)*-1 prime?
False
Let d be (1/3)/(4/173976). Suppose 11*k = 14*k + q - 10864, 4*k - d = 5*q. Is k prime?
False
Is 962817/6*(42/20 - 28/280) a composite number?
False
Let q be -2730 + 2 + (21 - 26). Let v = q + 12164. Is v a composite number?
False
Let l(t) = 13085*t - 30. Let p be l(13). Suppose 7*d - p = 2*d. Is d composite?
True
Let z(v) = -15*v**3 + 5*v**2 + 31*v + 8. Let n be (-3)/7 + (-162)/14 + 3. Is z(n) prime?
True
Suppose -4*i + 3*c = -752648, 2286*c - 2290*c = 5*i - 940841. Is i composite?
True
Suppose 0 = -5*d + m + 134160, -4*m - 70588 + 177940 = 4*d. Is d a composite number?
False
Let s(v) = 2*v**3 + 2*v**2 + 22*v + 74923. Is s(0) prime?
True
Suppose 0 = t + 5*h + 5, 0 = -5*t + 3*h + 13 + 18. Suppose 2*x + y = 4*x - 3835, -t*y = 5*x - 9550. Is x prime?
False
Suppose 45*q + 98*q = -105903038 + 823904465. Is q prime?
False
Let y(w) = w**2 + 16*w + 8. Let v be y(-20). Is (-2)/(-11) + (276568/v - 0) a prime number?
False
Suppose h + 2*k - 1 = 0, -2*h = 2*h + 4*k - 20. Suppose h*c = 5*c + 9484. Is c composite?
False
Let k(s) = 199*s**2 + 7*s - 5. Let b be k(7). Let z = b - 3856. Is z a prime number?
True
Let t(y) = 89*y**2 + 11*y + 25. Let j be t(11). Let q = j + 732. Is q composite?
True
Let t = -44 + 44. Let s(n) = 2*n + 5. Let m be s(t). Suppose 4*l = -2*x - l + 1251, 4*x - m*l = 2547. Is x a prime number?
False
Let y(g) = 474*g + 7. Let h be (-190)/(-45) + (-1)/(-9)*-2. Suppose -14*z = -15*z + h. Is y(z) prime?
False
Suppose 72*u - 28*u + 28*u = 18914760. Is u a prime number?
False
Suppose 3*r - 40 + 25 = 0. Suppose -q - c = -13748, 23*c - 25*c + 68755 = r*q. Is q a prime number?
False
Suppose 2*i + 5*p - 18306 = 0, 0*p + 6 = 3*p. Is i + 1 + 0 + 2 prime?
True
Suppose 842 = 3*a - 9772. Suppose 7928 = 13*u - a. Let h = -589 + u. Is h prime?
True
Let s(i) = i**3 + 7*i**2 - 56*i + 43. Let p(g) = 2*g**3 + 14*g**2 - 113*g + 87. Let a(w) = -3*p(w) + 7*s(w). Is a(19) prime?
True
Is (-18)/(-6)*(-154303)/(-1) prime?
False
Is (-189)/(-756)*(-2 - -1) + (-12368938)/(-8) prime?
True
Let o(p) = 25924*p**2 + 288*p + 2711. Is o(-9) a composite number?
False
Suppose 77 = x - 4*l, -2*x = 5*l - 283 + 77. Suppose 0 = 7*y + 177 + 215. Let f = y + x. Is f composite?
False
Suppose -f + 6*f + v - 163327 = 0, -5*f + v + 163333 = 0. Is f a composite number?
True
Let t be -47*147*(-6)/(72/20). Suppose -5*x + 54*x - t = 0. Is x a composite number?
True
Let n = 30785 - -26730. Is n composite?
True
Let g = -503 + 498. Is 90266/22 - (-6)/(-2) - g a composite number?
True
Suppose 5055 + 10875 = 2*y - 12928. Is y a composite number?
True
Suppose -42*d - 162*d + 184849708 = 38944216. Is d a composite number?
False
Let d = 33463 + -13700. Is d prime?
True
Let n = 823587 + -485960. Is n a composite number?
False
Let y(n) = 2139*n**2 - 78*n + 161. Is y(2) a prime number?
False
Is (0 - 76/20)*(-27789 - -2 - -2) a composite number?
True
Let v(p) = -156*p**3 + 43*p**2 - p + 23. Is v(-9) prime?
True
Let c = -5961 - -14170. Is c a prime number?
True
Let a be 25 - 1 - (-21 - -25). Suppose 0 = k + 3*k + 5*y - a, 0 = -3*k + 5*y + 15. Suppose -k*q - 5*r + 930 = 0, 12 + 3 = -3*r. Is q a prime number?
True
Suppose 0 = -57*z + 3*z + 287118. Is z composite?
True
Let g = 678 + -672. Suppose 2*f + 4*x - 22406 = 0, g = 6*x - 4*x. Is f composite?
False
Let o = 161 - 140. Is 3667 + (6/o)/(1/14) prime?
True
Suppose -2*q + q + 4 = 4*t, -2*q = t + 6. Let v be q/2 + (413 - 2). Let c = -14 + v. Is c a prime number?
False
Suppose 102*d = 13501364 - 3723338. Is d prime?
False
Let v = 288 + -380. Is ((-11254)/(-4))/((-46)/v) composite?
True
Is -79276*45/(-240)*4 prime?
False
Let l = -29 + 29. Suppose 4*z = 4*k + 952, 0*z - z - 2*k + 241 = l. Suppose z = -4*w + 2755. Is w prime?
False
Let s(l) = 687*l - 19. Let u = 72 + -70. Suppose -5 = 5*g - k - 32, u*k + 6 = 2*g. Is s(g) a composite number?
True
Suppose 703136 = 42*w - 463162. Is w composite?
True
Let k = 152919 - 74816. Is k a composite number?
True
Suppose 6*q - 2*w - 34 = 3*q, -2*w = 5*q - 30. Suppose -5*d = -2*d + 4*m + q, -5*d + 5*m = -10. Suppose -l - 156 + 907 = d. Is l a prime number?
True
Suppose 16*m = 30*m - 56. Is -3 - ((-249)/m + 2/8) a prime number?
True
Let n(w) = 119*w**3 - 3*w**2 - 38*w + 133. Is n(5) prime?
False
Suppose -7*o = 73 - 276. Suppose 0 = o*m - 2*m - 86319. Is m composite?
True
Suppose 0 = -12*w + 98 - 50. Suppose -59200 = -4*i - 0*i - w*u, 0 = -2*i + 5*u + 29621. Is i prime?
False
Suppose -12*w + 115261 = -134958 - 100865. Is w a prime number?
False
Let a = -6442 - -749. Let r = a - -8026. Is r composite?
False
Let a be 17/(-68) - (-85)/4. Suppose 0*p - a = -7*p. Suppose -p*x